- u. Is n a prime number?
True
Let y(m) = 23*m - 3. Let j be y(2). Let z(v) = -j*v - 4 + 1 - 2 + 0. Is z(-6) a prime number?
False
Is 2 + (-22)/14 + 5459602/161 a composite number?
False
Let r = 2012 + -1351. Let o = -204 + r. Is o prime?
True
Suppose u + 9*o + 25 = 4*o, -10 = 2*o. Suppose -9*h - 3*h + 22020 = u. Is h prime?
False
Let y be 3*(-4)/((-12)/9). Let p be 4 + -3*(-447)/y. Suppose -5*o + 850 + p = 4*u, 4*o - 2*u - 818 = 0. Is o a prime number?
False
Suppose 4*h - 5*f - 23667 = 0, 8*f = 4*f + 20. Is h a prime number?
True
Suppose c = 2*s - 9, 0 = 5*s - 63*c + 64*c - 26. Let i(u) = -6 + 10*u**2 - 6 - 4*u**2 - u. Is i(s) composite?
True
Let o(c) = c**2 + 8*c + 18. Let u be o(-7). Suppose -u*i - 2212 = -6535. Is i composite?
True
Let q(m) be the second derivative of 9*m**5/20 - m**4/3 - 7*m**3/6 + m**2/2 + 11*m. Is q(6) a prime number?
True
Let r = -84 + 145. Let v = 98 - r. Is v a composite number?
False
Suppose 24*b - 583151 = 199297. Is b a composite number?
True
Is ((-112)/(-36) - 3) + 60064/18 prime?
False
Suppose -8*c + 3 = -11*c. Let a(g) = -g + 1. Let z be a(c). Is (z/4)/(2/2076) composite?
True
Suppose h - s - 9806 = 0, -4*h + 19574 = 3*s - 19629. Is h a prime number?
True
Let l(k) = 2*k**3 - 4*k**2 + 2*k + 1. Let m be l(2). Suppose -2*r - 5*b + 1025 + 32 = 0, -5*b - 2730 = -m*r. Is r a prime number?
True
Suppose 7*r + 389 = 2*r - 2*a, 3*a - 225 = 3*r. Is (-22)/r - 730/(-28)*122 composite?
False
Suppose 0 = 2*i + 3*n - 53, 97 = 4*i + 2*n - 5*n. Suppose 4*t - 7 = 3*g + i, 0 = -2*t + 3*g + 10. Is t composite?
False
Let t = -18 + 23. Let p(d) = 0 + 7*d**2 - t + 4 + 7*d. Is p(-6) a composite number?
True
Suppose 4*n - 8*n = 352. Suppose -3*r - 5*c + 9*c = -537, r + 3*c = 166. Let v = r + n. Is v a prime number?
False
Let v(k) = 443*k**3. Suppose 2 = -i + 5. Suppose -2*p - i*p = -5. Is v(p) prime?
True
Suppose -6 = -t - 2*b, -5*b + 8 = t - 2*t. Suppose 3*h - 2*h + 486 = 3*w, 0 = t*w + 3*h - 313. Is w a composite number?
True
Let f = 34 + -30. Suppose -1588 = -4*x + 2*r, f*x + 2*r - 974 = 614. Is x prime?
True
Let x(l) = 1093*l**2 + 81*l + 3. Is x(5) a composite number?
False
Let t(a) = 35*a**2 + 17*a + 91. Is t(-11) a composite number?
False
Suppose -3*g + 0*g + 133 = -x, 0 = 2*x - 4. Suppose j + 5*n = 196, 908 = 5*j - 2*n - g. Is j a prime number?
True
Let x(y) = y**2 + 4*y - 3. Let p be x(-4). Is (p - (1 - 3)) + 304 prime?
False
Let f = 63128 + -29311. Is f a composite number?
True
Let a(y) = 2*y + 21. Let v be a(-9). Suppose v*k - h = 10162, -4*k + 0*k = -4*h - 13536. Is k a prime number?
True
Let p(q) = -q**2 + 2*q + 161. Let k = 1 + -1. Is p(k) a composite number?
True
Let y(q) = 115*q - 22. Let z = 50 - 45. Is y(z) a prime number?
False
Suppose z = -2*o + 1967, 4*o = z - 58 - 1915. Is z a prime number?
False
Suppose 2*h - 28800 = -8482. Is h composite?
False
Let z be (-10)/(-4) + 1/2. Suppose 0 = -5*m + n + 2461, -n - z*n - 477 = -m. Is m a prime number?
False
Let g(i) = -4*i**3 + 40*i**2 + 39*i + 49. Is g(-26) a composite number?
True
Suppose -461 = -15*c + 1369. Suppose -t + 1247 = -c. Is t a prime number?
False
Let w(v) be the second derivative of v**5/20 - v**4/3 + v**3/2 + 3*v**2 + 4*v. Let k be w(5). Suppose -5*b = 4*n - k, 4*n + b = 14 + 40. Is n composite?
True
Let c(b) = b**3 + 18*b**2 + 17*b - 3. Let k be c(-17). Is (-34548)/(-36) - k/(27/(-6)) a composite number?
True
Let i be 3 - (-4)/(8/190). Suppose 2*x = x - i. Let t = 59 - x. Is t composite?
False
Suppose 5*y + 6*d - 5*d - 28898 = 0, 4*d - 12 = 0. Is y composite?
False
Let u be 3*107/(2/(26/1)). Suppose -s = 2*o - 3604 - 589, 2*o + 5*s - u = 0. Is o prime?
True
Let l(u) = -3*u**2 - u. Let f = -11 + 13. Let a be l(f). Let x = a - -237. Is x a prime number?
True
Let d(s) = -2*s + 1. Let z be d(-2). Suppose z*x + 1029 - 119 = h, h + 5*x - 960 = 0. Suppose -5*a = -0*a - h. Is a a prime number?
False
Suppose 62772 = 19*b - 21151. Is b prime?
False
Let r(i) = -i**3 - 2*i**2 + 3*i + 1. Let h be r(-3). Let g be ((-4)/h)/(-5 + 7). Let q(p) = 102*p**2 - 3*p - 5. Is q(g) composite?
False
Is -2*(5 + ((-123165)/10)/3) a prime number?
False
Let q(a) = 4*a - a**3 - 7*a**2 - 7*a + 3 + 3 - 4*a. Let z be q(-6). Is (776/z)/((-4)/(-6)) a prime number?
True
Is (-15)/(-6)*1062/15 a prime number?
False
Let g be 0/((-35)/11 + 16/88). Suppose -3*p + g + 177 = 0. Is p a prime number?
True
Let w(n) = n - 3. Let c be w(8). Suppose 4 = c*m + 14. Is ((-1)/m)/((-8)/(-1264)) prime?
True
Let q be (-12)/(-10)*(-80)/(-12). Let j be 12/q - (-14)/(-4). Is ((-1106)/42)/(j/6) composite?
False
Let a be 236/32 - 3/8. Let b(x) = a + 14 + 15*x**2 - 4*x + 3*x**3 - 4*x**3. Is b(14) a prime number?
False
Let x(n) = -n**3 - 8*n**2 - 11*n + 5. Let m be x(-7). Let f be 14/(-3)*m/(-22). Suppose f*r - 385 = -0*r. Is r prime?
False
Suppose 31*x - 1148054 = -31*x. Is x a prime number?
True
Let y(z) = 58*z + 21. Let j = 21 + -14. Is y(j) composite?
True
Suppose -4*l = -58679 - 128949. Is l a composite number?
True
Let j be 2*-2 + (2 - -3) + 15. Let n(u) = u**3 + u**2 + u - 1. Let b be n(1). Suppose -b*y + j = -2*i, -i - 2*i = 3. Is y composite?
False
Suppose 5*y = 5074 - 249. Let v = -618 + y. Is v a prime number?
True
Let j be ((-7)/28)/((-2)/24). Suppose 0 = y + j - 2, -3*c - y + 14 = 0. Suppose c*l - 53 = 4*q, 5*l - 4*l = 5*q - 2. Is l prime?
True
Let i = -10137 + 15518. Is i a prime number?
True
Let i be (-1)/(-4) - (-7)/4. Suppose -a - 121 = -i*a. Is a a composite number?
True
Let i(f) = 12*f - 3. Let c be i(4). Let a be 26/6*(-8 + 11). Suppose 0 = 16*x - a*x - c. Is x composite?
True
Let c(t) = 19*t**2 + 7*t + 7. Is c(12) a prime number?
False
Suppose 5*h + 129 = 4*h. Let a be (-2)/(127/h - -1). Let j = a + 186. Is j a prime number?
False
Suppose 0 = -0*y - y - 6. Let m(p) = -2*p - 5*p + 15 + 8*p**2 + 13*p. Is m(y) composite?
True
Let a be 69/15 + (-2)/(-5). Suppose -2*g = 2*v + 1 - 23, 3*g = -a*v + 39. Suppose 0 = -g*l + 10*l - 164. Is l a composite number?
True
Let m(j) = -2*j + 9*j + j**3 + j + 19 - j**2 + 2*j. Is m(9) a composite number?
False
Let u = 63472 + -36569. Is u a prime number?
True
Let i(s) = 677*s + 186. Is i(29) composite?
False
Suppose 22*j - 14898 - 25736 = 0. Is j a prime number?
True
Suppose -4*y - 12600 = 7*u - 8*u, -y = 4*u - 50315. Suppose 4*g + 3*w - 5*w - u = 0, 5*g + 3*w - 15703 = 0. Is g composite?
True
Suppose -6*s - 8*s - 62076 = 0. Let d = 8419 + s. Is d a composite number?
True
Let f = -25 - -29. Let c(q) = 6*q**3 - 5*q**2 - 3*q + 3. Is c(f) composite?
True
Let h = 63 - 56. Suppose 3867 = h*z + 584. Is z composite?
True
Suppose 0 = s + 5*r - 6, 4 = -3*r + 7*r. Let g be 1/3*0/s. Suppose g*j - j + 329 = 0. Is j composite?
True
Let m(b) = b**3 + 13*b**2 + 14*b + 6. Let k be (-15)/(4 - -1) - 9. Let w be m(k). Is (-497)/(-9) - (-4)/w composite?
True
Let h = 6641 - -2312. Is h prime?
False
Suppose 17*i - 116116 - 158043 = 0. Is i a prime number?
True
Let l(p) = -4*p**2 + p - 6. Let u(c) = c**2 - c. Suppose -4*r + 0*r + 24 = 0. Let o(n) = r*u(n) + l(n). Is o(9) a prime number?
False
Suppose -5*l = -2*p - 21, 25 = 2*l + 3*l. Suppose -2*i = y - 2245, -p*y = 4*i - 2*i - 2248. Is i prime?
False
Let z(g) be the second derivative of 47*g**3/6 + 4*g**2 - 2*g. Let w be z(7). Let k = w - 159. Is k prime?
False
Suppose 0*r + 5*r - 180 = 0. Let w = 547 + r. Is w prime?
False
Suppose r - 12086 = -2*a, 0 = -0*a - 5*a - 2*r + 30215. Is a a prime number?
True
Let m(q) = q**3 - 6*q**2 - 6. Let l be m(6). Let r = l + 2. Let w(b) = -2*b**3 - 6*b**2 + b + 5. Is w(r) prime?
False
Let p(o) = -12*o + 5. Let i be p(-4). Suppose -67*g - 93 = 3*d - 72*g, 0 = -d - 5*g - 31. Let w = i + d. Is w composite?
True
Let i(s) = s**3 + 9*s**2 + 12*s - 10. Let n be i(-7). Suppose -2*u + 14 = -2*k, -2*k = -n*u - k + 22. Suppose -384 = -u*l + 61. Is l a prime number?
True
Suppose 1 = q + 2. Let h(v) = -331*v**3 + v**2 + 2*v + 1. Is h(q) a prime number?
True
Let m(q) be the second derivative of q**6/720 + 11*q**5/24 - q**4/4 - q. Let n(r) be the third derivative of m(r). Is n(0) a composite number?
True
Suppose -22488 = -2*s - 4*s. Let c = -650 + s. Is c a prime number?
False
Let i(f) = 100*f**2 + 6*f - 33. Is i(23) prime?
False
Suppose y + 81 = -8*y. Is (-1422)/4*6/y a prime number?
False
Is -5 + 111/21 - (-17202)/14